{"id":25,"date":"2022-09-16T11:10:47","date_gmt":"2022-09-16T09:10:47","guid":{"rendered":"http:\/\/reparenjalles.saintmedardasso.fr\/?page_id=25"},"modified":"2025-09-11T12:00:56","modified_gmt":"2025-09-11T10:00:56","slug":"contact","status":"publish","type":"page","link":"https:\/\/reparenjalles.saintmedardasso.fr\/?page_id=25","title":{"rendered":"Contact"},"content":{"rendered":"<hr \/>\n<h2><strong>Pour nous contacter<br \/>\n<\/strong><\/h2>\n<ul>\n<li style=\"list-style-type: none;\">\n<ul>\n<li><strong>Adresse mail<\/strong> : <a href=\"mailto:repar.en.jalles@gmail.com\"><strong>repar.en.jalles@gmail.com<\/strong><\/a><\/li>\n<\/ul>\n<\/li>\n<\/ul>\n<table class=\" aligncenter\" style=\"width: 80%; border-collapse: collapse; background-color: #b8dbdb;\">\n<tbody>\n<tr>\n<td style=\"width: 100%;\">\n<p style=\"text-align: justify;\">Contactez-nous par mail \u00e0 l&rsquo;adresse ci-dessus<\/p>\n<p style=\"text-align: justify;\">Le d\u00e9lai de la r\u00e9ponse d\u00e9pend de la disponibilit\u00e9 des b\u00e9n\u00e9voles et peut atteindre 1 voire 2 semaines.<\/p>\n<\/td>\n<\/tr>\n<\/tbody>\n<\/table>\n<p>&nbsp;<\/p>\n<hr \/>\n<h2>Pour venir nous voir<\/h2>\n<ul>\n<li style=\"list-style-type: none;\">\n<ul>\n<li><a href=\"https:\/\/reparenjalles.saintmedardasso.fr\/?page_id=978\" target=\"_blank\" rel=\"noopener\"><strong>Voir l&rsquo;adresse <\/strong><strong>de notre local <\/strong><\/a>(avec photos et plan google map)<\/li>\n<\/ul>\n<\/li>\n<\/ul>\n<p>&nbsp;<\/p>\n<p>&nbsp;<\/p>\n","protected":false},"excerpt":{"rendered":"<p>Pour nous contacter Adresse mail : repar.en.jalles@gmail.com Contactez-nous par mail \u00e0 l&rsquo;adresse ci-dessus Le d\u00e9lai de la r\u00e9ponse d\u00e9pend de la disponibilit\u00e9 des b\u00e9n\u00e9voles et peut atteindre 1 voire 2 semaines. &nbsp; Pour venir nous voir Voir l&rsquo;adresse de notre local (avec photos et plan google map) &nbsp; &nbsp;<\/p>\n","protected":false},"author":6,"featured_media":0,"parent":0,"menu_order":0,"comment_status":"closed","ping_status":"closed","template":"","meta":{"footnotes":""},"class_list":["post-25","page","type-page","status-publish","hentry"],"_links":{"self":[{"href":"https:\/\/reparenjalles.saintmedardasso.fr\/index.php?rest_route=\/wp\/v2\/pages\/25","targetHints":{"allow":["GET"]}}],"collection":[{"href":"https:\/\/reparenjalles.saintmedardasso.fr\/index.php?rest_route=\/wp\/v2\/pages"}],"about":[{"href":"https:\/\/reparenjalles.saintmedardasso.fr\/index.php?rest_route=\/wp\/v2\/types\/page"}],"author":[{"embeddable":true,"href":"https:\/\/reparenjalles.saintmedardasso.fr\/index.php?rest_route=\/wp\/v2\/users\/6"}],"replies":[{"embeddable":true,"href":"https:\/\/reparenjalles.saintmedardasso.fr\/index.php?rest_route=%2Fwp%2Fv2%2Fcomments&post=25"}],"version-history":[{"count":1,"href":"https:\/\/reparenjalles.saintmedardasso.fr\/index.php?rest_route=\/wp\/v2\/pages\/25\/revisions"}],"predecessor-version":[{"id":1915,"href":"https:\/\/reparenjalles.saintmedardasso.fr\/index.php?rest_route=\/wp\/v2\/pages\/25\/revisions\/1915"}],"wp:attachment":[{"href":"https:\/\/reparenjalles.saintmedardasso.fr\/index.php?rest_route=%2Fwp%2Fv2%2Fmedia&parent=25"}],"curies":[{"name":"wp","href":"https:\/\/api.w.org\/{rel}","templated":true}]}}