{"id":166,"date":"2017-10-18T12:04:58","date_gmt":"2017-10-18T10:04:58","guid":{"rendered":"http:\/\/reparenjalles.saintmedardasso.fr\/?page_id=166"},"modified":"2026-03-23T14:53:33","modified_gmt":"2026-03-23T13:53:33","slug":"toutes-les-dates","status":"publish","type":"page","link":"https:\/\/reparenjalles.saintmedardasso.fr\/?page_id=166","title":{"rendered":"Toutes les dates"},"content":{"rendered":"<hr \/>\n<h2 style=\"text-align: left;\">Dates des ateliers de r\u00e9paration<span style=\"color: #339966;\"><strong><br \/>\n<\/strong><\/span><\/h2>\n<p style=\"text-align: justify;\"><a href=\"https:\/\/reparenjalles.saintmedardasso.fr\/wp-content\/uploads\/2016\/09\/logo-le-grand.jpg\"><img loading=\"lazy\" decoding=\"async\" class=\"alignleft wp-image-74 size-thumbnail\" src=\"https:\/\/reparenjalles.saintmedardasso.fr\/wp-content\/uploads\/2016\/09\/logo-le-grand-150x150.jpg\" alt=\"\" width=\"150\" height=\"150\" srcset=\"https:\/\/reparenjalles.saintmedardasso.fr\/wp-content\/uploads\/2016\/09\/logo-le-grand-150x150.jpg 150w, https:\/\/reparenjalles.saintmedardasso.fr\/wp-content\/uploads\/2016\/09\/logo-le-grand.jpg 204w\" sizes=\"auto, (max-width: 150px) 100vw, 150px\" \/><\/a><\/p>\n<p>Ce calendrier est r\u00e9guli\u00e8rement mis \u00e0 jour.\u00a0 Certaines dates peuvent \u00eatre modifi\u00e9es ou annul\u00e9es suivant la disponibilit\u00e9 des b\u00e9n\u00e9voles<\/p>\n<p style=\"text-align: justify;\">Des informations compl\u00e9mentaires seront donn\u00e9es en <strong>page d&rsquo;accueil du site<\/strong> et par la <strong>liste de diffusion<\/strong> \u00e0 laquelle vous pouvez <a href=\"https:\/\/reparenjalles.saintmedardasso.fr\/?page_id=971\"><strong>vous inscrire<\/strong><\/a>.<\/p>\n<ul style=\"list-style-type: disc;\">\n<li><strong>Ann\u00e9e 2025<\/strong>\n<ul>\n<li><span style=\"color: #808080;\">Samedi 20 Septembre de 9h \u00e0 12h et de 14h \u00e0 18h<\/span><\/li>\n<li><span style=\"color: #808080;\">Samedi 11 Octobre de 9h \u00e0 12h et de 14h \u00e0 18h<\/span><\/li>\n<li><span style=\"color: #808080;\">Samedi 15 Novembre de 9h \u00e0 12h et de 14h \u00e0 18h<\/span><\/li>\n<li><span style=\"color: #808080;\">Samedi 13 D\u00e9cembre de 9h \u00e0 12h et de 14h \u00e0 18h<\/span><\/li>\n<\/ul>\n<\/li>\n<\/ul>\n<ul>\n<li><strong>Ann\u00e9e 2026<\/strong>\n<ul>\n<li><span style=\"color: #808080;\">Samedi 17 Janvier de 9h \u00e0 12h et de 14h \u00e0 18h<\/span><\/li>\n<li><span style=\"color: #808080;\">Samedi 28 F\u00e9vrier de 9h \u00e0 12h et de 14h \u00e0 18h<\/span><\/li>\n<li><span style=\"color: #808080;\">Samedi 21 Mars de 9h \u00e0 12h et de 14h \u00e0 18h<\/span><\/li>\n<li>Samedi 25 Avril de 9h \u00e0 12h et de 14h \u00e0 18h<\/li>\n<li>Samedi 16 Mai de 9h \u00e0 12h et de 14h \u00e0 18h<\/li>\n<li>Samedi 20 Juin de 9h \u00e0 12h et de 14h \u00e0 18h<\/li>\n<\/ul>\n<\/li>\n<\/ul>\n<ul style=\"list-style-type: disc;\">\n<li><span style=\"color: #999999;\"><span style=\"color: #333333;\">Assembl\u00e9e g\u00e9n\u00e9rale\u00a0 :\u00a0<\/span><\/span><\/li>\n<\/ul>\n<hr \/>\n<h2 style=\"text-align: left;\">Pour tout renseignement sur les r\u00e9parations<strong><span style=\"color: #800080;\"><br \/>\n<\/span><\/strong><\/h2>\n<ul>\n<li style=\"text-align: left;\"><strong><a href=\"https:\/\/reparenjalles.saintmedardasso.fr\/?page_id=975\" target=\"_blank\" rel=\"noopener noreferrer\">consultez notre page \u00ab\u00a0tout sur les r\u00e9parations\u00a0\u00bb<\/a><\/strong><\/li>\n<li style=\"text-align: left;\"><strong><a href=\"https:\/\/reparenjalles.saintmedardasso.fr\/?page_id=25\">contactez-nous<\/a><\/strong><\/li>\n<\/ul>\n<p>&nbsp;<\/p>\n","protected":false},"excerpt":{"rendered":"<p>Dates des ateliers de r\u00e9paration Ce calendrier est r\u00e9guli\u00e8rement mis \u00e0 jour.\u00a0 Certaines dates peuvent \u00eatre modifi\u00e9es ou annul\u00e9es suivant la disponibilit\u00e9 des b\u00e9n\u00e9voles Des informations compl\u00e9mentaires seront donn\u00e9es en page d&rsquo;accueil du site et par la liste de diffusion \u00e0 laquelle vous pouvez vous inscrire. Ann\u00e9e 2025 Samedi 20 Septembre de 9h \u00e0 12h &hellip; <a href=\"https:\/\/reparenjalles.saintmedardasso.fr\/?page_id=166\" class=\"more-link\">Continuer la lecture de <span class=\"screen-reader-text\">Toutes les dates<\/span>  <span class=\"meta-nav\">&rarr;<\/span><\/a><\/p>\n","protected":false},"author":6,"featured_media":0,"parent":0,"menu_order":0,"comment_status":"closed","ping_status":"closed","template":"","meta":{"footnotes":""},"class_list":["post-166","page","type-page","status-publish","hentry"],"_links":{"self":[{"href":"https:\/\/reparenjalles.saintmedardasso.fr\/index.php?rest_route=\/wp\/v2\/pages\/166","targetHints":{"allow":["GET"]}}],"collection":[{"href":"https:\/\/reparenjalles.saintmedardasso.fr\/index.php?rest_route=\/wp\/v2\/pages"}],"about":[{"href":"https:\/\/reparenjalles.saintmedardasso.fr\/index.php?rest_route=\/wp\/v2\/types\/page"}],"author":[{"embeddable":true,"href":"https:\/\/reparenjalles.saintmedardasso.fr\/index.php?rest_route=\/wp\/v2\/users\/6"}],"replies":[{"embeddable":true,"href":"https:\/\/reparenjalles.saintmedardasso.fr\/index.php?rest_route=%2Fwp%2Fv2%2Fcomments&post=166"}],"version-history":[{"count":2,"href":"https:\/\/reparenjalles.saintmedardasso.fr\/index.php?rest_route=\/wp\/v2\/pages\/166\/revisions"}],"predecessor-version":[{"id":2089,"href":"https:\/\/reparenjalles.saintmedardasso.fr\/index.php?rest_route=\/wp\/v2\/pages\/166\/revisions\/2089"}],"wp:attachment":[{"href":"https:\/\/reparenjalles.saintmedardasso.fr\/index.php?rest_route=%2Fwp%2Fv2%2Fmedia&parent=166"}],"curies":[{"name":"wp","href":"https:\/\/api.w.org\/{rel}","templated":true}]}}

<hr />
<h2 style="text-align: left;">Dates des ateliers de réparation<span style="color: #339966;"><strong><br />
</strong></span></h2>
<p style="text-align: justify;"><a href="https://reparenjalles.saintmedardasso.fr/wp-content/uploads/2016/09/logo-le-grand.jpg"><img loading="lazy" decoding="async" class="alignleft wp-image-74 size-thumbnail" src="https://reparenjalles.saintmedardasso.fr/wp-content/uploads/2016/09/logo-le-grand-150x150.jpg" alt="" width="150" height="150" srcset="https://reparenjalles.saintmedardasso.fr/wp-content/uploads/2016/09/logo-le-grand-150x150.jpg 150w, https://reparenjalles.saintmedardasso.fr/wp-content/uploads/2016/09/logo-le-grand.jpg 204w" sizes="auto, (max-width: 150px) 100vw, 150px" /></a></p>
<p>Ce calendrier est régulièrement mis à jour.  Certaines dates peuvent être modifiées ou annulées suivant la disponibilité des bénévoles</p>
<p style="text-align: justify;">Des informations complémentaires seront données en <strong>page d&rsquo;accueil du site</strong> et par la <strong>liste de diffusion</strong> à laquelle vous pouvez <a href="https://reparenjalles.saintmedardasso.fr/?page_id=971"><strong>vous inscrire</strong></a>.</p>
<ul style="list-style-type: disc;">
<li><strong>Année 2025</strong>
<ul>
<li><span style="color: #808080;">Samedi 20 Septembre de 9h à 12h et de 14h à 18h</span></li>
<li><span style="color: #808080;">Samedi 11 Octobre de 9h à 12h et de 14h à 18h</span></li>
<li><span style="color: #808080;">Samedi 15 Novembre de 9h à 12h et de 14h à 18h</span></li>
<li><span style="color: #808080;">Samedi 13 Décembre de 9h à 12h et de 14h à 18h</span></li>
</ul>
</li>
</ul>
<ul>
<li><strong>Année 2026</strong>
<ul>
<li><span style="color: #808080;">Samedi 17 Janvier de 9h à 12h et de 14h à 18h</span></li>
<li><span style="color: #808080;">Samedi 28 Février de 9h à 12h et de 14h à 18h</span></li>
<li><span style="color: #808080;">Samedi 21 Mars de 9h à 12h et de 14h à 18h</span></li>
<li>Samedi 25 Avril de 9h à 12h et de 14h à 18h</li>
<li>Samedi 16 Mai de 9h à 12h et de 14h à 18h</li>
<li>Samedi 20 Juin de 9h à 12h et de 14h à 18h</li>
</ul>
</li>
</ul>
<ul style="list-style-type: disc;">
<li><span style="color: #999999;"><span style="color: #333333;">Assemblée générale  : </span></span></li>
</ul>
<hr />
<h2 style="text-align: left;">Pour tout renseignement sur les réparations<strong><span style="color: #800080;"><br />
</span></strong></h2>
<ul>
<li style="text-align: left;"><strong><a href="https://reparenjalles.saintmedardasso.fr/?page_id=975" target="_blank" rel="noopener noreferrer">consultez notre page « tout sur les réparations »</a></strong></li>
<li style="text-align: left;"><strong><a href="https://reparenjalles.saintmedardasso.fr/?page_id=25">contactez-nous</a></strong></li>
</ul>
<p>&nbsp;</p>

<p>Dates des ateliers de réparation Ce calendrier est régulièrement mis à jour.  Certaines dates peuvent être modifiées ou annulées suivant la disponibilité des bénévoles Des informations complémentaires seront données en page d&rsquo;accueil du site et par la liste de diffusion à laquelle vous pouvez vous inscrire. Année 2025 Samedi 20 Septembre de 9h à 12h &hellip; <a href="https://reparenjalles.saintmedardasso.fr/?page_id=166" class="more-link">Continuer la lecture de <span class="screen-reader-text">Toutes les dates</span>  <span class="meta-nav">&rarr;</span></a></p>
