{"id":1215,"date":"2022-12-06T14:39:14","date_gmt":"2022-12-06T12:39:14","guid":{"rendered":"http:\/\/reparenjalles.saintmedardasso.fr\/?page_id=1215"},"modified":"2023-12-18T18:02:33","modified_gmt":"2023-12-18T17:02:33","slug":"mentions-legales","status":"publish","type":"page","link":"https:\/\/reparenjalles.saintmedardasso.fr\/?page_id=1215","title":{"rendered":"Mentions l\u00e9gales"},"content":{"rendered":"<h2>R\u00e9f\u00e9rences de l\u2019association<\/h2>\n<p style=\"text-align: justify;\"><span style=\"background-color: #ffff99;\">Association loi 1901 d\u00e9clar\u00e9e en Pr\u00e9fecture de Gironde<\/span> le <span style=\"background-color: #ffff99;\">26 juillet 2013<\/span> sous le num\u00e9ro <span style=\"background-color: #ffff99;\">RNA W332015787<\/span>.<\/p>\n<p>Pour toute question sur l&rsquo;association vous pouvez <a href=\"https:\/\/reparenjalles.saintmedardasso.fr\/?page_id=25\" target=\"_blank\" rel=\"noopener\"><strong>nous contacter<\/strong><\/a><\/p>\n<hr \/>\n<h2>Le site Web de Repar&rsquo;en Jalles<\/h2>\n<p><a href=\"https:\/\/reparenjalles.saintmedardasso.fr\/\"><strong>https:\/\/reparenjalles.saintmedardasso.fr\/<\/strong><\/a><\/p>\n<h3>Webmestre<\/h3>\n<p>Patrice BOSSUET\u00a0 07 67 00 09 56<\/p>\n<h3>H\u00e9bergement<\/h3>\n<ul>\n<li>Notre site WEB est h\u00e9berg\u00e9 par 1&amp;1 Internet SARL<\/li>\n<li>7, place de la Gare<\/li>\n<li>BP 70109<\/li>\n<li>57201 Sarreguemines Cedex<\/li>\n<\/ul>\n<h3>Protection des donn\u00e9es personnelles<\/h3>\n<p style=\"text-align: justify;\">Aucune information personnelle n\u2019est collect\u00e9e \u00e0 votre insu.<br \/>\nAucune information personnelle n\u2019est c\u00e9d\u00e9e \u00e0 des tiers.<\/p>\n<h3>Mentions de la CNIL<\/h3>\n<p style=\"text-align: justify;\">\u00ab Vous disposez d\u2019un droit d\u2019acc\u00e8s, de modification, de rectification et de suppression des donn\u00e9es qui vous concernent (art. 34 de la loi \u00ab Informatique et Libert\u00e9 \u00bb du 6 Janvier 1978) \u00bb. Pour exercer ce droit, <a href=\"https:\/\/reparenjalles.saintmedardasso.fr\/?page_id=25\"><strong>contactez nous<\/strong><\/a>.<\/p>\n<h3>Cr\u00e9dits photos<\/h3>\n<p style=\"text-align: justify;\">Certaines images capt\u00e9es en public, sont diffus\u00e9es sur notre site, dans le respect de la l\u00e9gislation fran\u00e7aise sur le Droit \u00e0 l\u2019Image. Chaque personne photographi\u00e9e par nos photographes, reste propri\u00e9taire de son image et peut donc s\u2019opposer \u00e0 sa diffusion sur notre site. Pour exercer ce droit, <a href=\"https:\/\/reparenjalles.saintmedardasso.fr\/?page_id=25\"><strong>contactez nous<\/strong><\/a>.<\/p>\n<h3>Liens hypertexte vers d\u2019autres sites<\/h3>\n<p style=\"text-align: justify;\">Les liens hypertextes mis en place dans le cadre du pr\u00e9sent site web en direction d\u2019autres ressources pr\u00e9sentes sur le r\u00e9seau internet et, notamment, vers des partenaires, sont clairement identifi\u00e9s.<\/p>\n<p style=\"text-align: justify;\"><strong>Repar&rsquo;en Jalles<\/strong> s\u2019engage \u00e0 faire cesser les liens hypertextes \u00e0 la premi\u00e8re demande des personnes physiques ou morales \u00e0 qui appartiennent ces sites. Pour exercer ce droit, <a href=\"https:\/\/reparenjalles.saintmedardasso.fr\/?page_id=25\"><strong>contactez nous<\/strong><\/a>.<\/p>\n<p style=\"text-align: justify;\">Les liens hypertextes en direction d\u2019autres ressources pr\u00e9sentes sur le r\u00e9seau Internet ne sauraient engager la responsabilit\u00e9 de <strong>Repar&rsquo;en Jalles<\/strong>.<\/p>\n<h3>Liens hypertexte vers notre site<\/h3>\n<p style=\"text-align: justify;\"><strong>Repar&rsquo;en Jalles<\/strong> autorise la mise en place d\u2019un lien hypertexte pointant vers le contenu, de son site sous r\u00e9serve de :<\/p>\n<ul>\n<li style=\"text-align: justify;\">Ne pas utiliser la technique du lien profond (\u00ab deep linking \u00bb), c\u2019est-\u00e0-dire que les pages de notre site <a href=\"https:\/\/reparenjalles.saintmedardasso.fr\/\"><strong>https:\/\/reparenjalles.saintmedardasso.fr\/<\/strong><\/a> ne doivent pas \u00eatre imbriqu\u00e9es \u00e0 l\u2019int\u00e9rieur des pages d\u2019un autre site, mais accessibles par l\u2019ouverture d\u2019une fen\u00eatre.<\/li>\n<li style=\"text-align: justify;\">Mentionner la source qui pointera gr\u00e2ce \u00e0 un lien hypertexte directement sur le contenu vis\u00e9.<\/li>\n<li style=\"text-align: justify;\">Les informations utilis\u00e9es ne doivent l\u2019\u00eatre qu\u2019\u00e0 des fins personnelles, associatives ou professionnelles\u00a0; toute utilisation \u00e0 des fins commerciales ou publicitaires est exclue.<\/li>\n<li style=\"text-align: justify;\">Attention\u00a0! Cette autorisation ne s\u2019applique pas aux sites internet diffusant des informations \u00e0 caract\u00e8re pol\u00e9mique, pornographique, x\u00e9nophobe ou pouvant, dans une plus large mesure porter atteinte \u00e0 la sensibilit\u00e9 du plus grand nombre.<\/li>\n<\/ul>\n","protected":false},"excerpt":{"rendered":"<p>R\u00e9f\u00e9rences de l\u2019association Association loi 1901 d\u00e9clar\u00e9e en Pr\u00e9fecture de Gironde le 26 juillet 2013 sous le num\u00e9ro RNA W332015787. Pour toute question sur l&rsquo;association vous pouvez nous contacter Le site Web de Repar&rsquo;en Jalles https:\/\/reparenjalles.saintmedardasso.fr\/ Webmestre Patrice BOSSUET\u00a0 07 67 00 09 56 H\u00e9bergement Notre site WEB est h\u00e9berg\u00e9 par 1&amp;1 Internet SARL 7, &hellip; <a href=\"https:\/\/reparenjalles.saintmedardasso.fr\/?page_id=1215\" class=\"more-link\">Continuer la lecture de <span class=\"screen-reader-text\">Mentions l\u00e9gales<\/span>  <span class=\"meta-nav\">&rarr;<\/span><\/a><\/p>\n","protected":false},"author":6,"featured_media":0,"parent":0,"menu_order":0,"comment_status":"closed","ping_status":"closed","template":"","meta":{"footnotes":""},"class_list":["post-1215","page","type-page","status-publish","hentry"],"_links":{"self":[{"href":"https:\/\/reparenjalles.saintmedardasso.fr\/index.php?rest_route=\/wp\/v2\/pages\/1215","targetHints":{"allow":["GET"]}}],"collection":[{"href":"https:\/\/reparenjalles.saintmedardasso.fr\/index.php?rest_route=\/wp\/v2\/pages"}],"about":[{"href":"https:\/\/reparenjalles.saintmedardasso.fr\/index.php?rest_route=\/wp\/v2\/types\/page"}],"author":[{"embeddable":true,"href":"https:\/\/reparenjalles.saintmedardasso.fr\/index.php?rest_route=\/wp\/v2\/users\/6"}],"replies":[{"embeddable":true,"href":"https:\/\/reparenjalles.saintmedardasso.fr\/index.php?rest_route=%2Fwp%2Fv2%2Fcomments&post=1215"}],"version-history":[{"count":0,"href":"https:\/\/reparenjalles.saintmedardasso.fr\/index.php?rest_route=\/wp\/v2\/pages\/1215\/revisions"}],"wp:attachment":[{"href":"https:\/\/reparenjalles.saintmedardasso.fr\/index.php?rest_route=%2Fwp%2Fv2%2Fmedia&parent=1215"}],"curies":[{"name":"wp","href":"https:\/\/api.w.org\/{rel}","templated":true}]}}

Mentions légales

<h2>Références de l’association</h2>
<p style="text-align: justify;"><span style="background-color: #ffff99;">Association loi 1901 déclarée en Préfecture de Gironde</span> le <span style="background-color: #ffff99;">26 juillet 2013</span> sous le numéro <span style="background-color: #ffff99;">RNA W332015787</span>.</p>
<p>Pour toute question sur l&rsquo;association vous pouvez <a href="https://reparenjalles.saintmedardasso.fr/?page_id=25" target="_blank" rel="noopener"><strong>nous contacter</strong></a></p>
<hr />
<h2>Le site Web de Repar&rsquo;en Jalles</h2>
<p><a href="https://reparenjalles.saintmedardasso.fr/"><strong>https://reparenjalles.saintmedardasso.fr/</strong></a></p>
<h3>Webmestre</h3>
<p>Patrice BOSSUET  07 67 00 09 56</p>
<h3>Hébergement</h3>
<ul>
<li>Notre site WEB est hébergé par 1&amp;1 Internet SARL</li>
<li>7, place de la Gare</li>
<li>BP 70109</li>
<li>57201 Sarreguemines Cedex</li>
</ul>
<h3>Protection des données personnelles</h3>
<p style="text-align: justify;">Aucune information personnelle n’est collectée à votre insu.<br />
Aucune information personnelle n’est cédée à des tiers.</p>
<h3>Mentions de la CNIL</h3>
<p style="text-align: justify;">« Vous disposez d’un droit d’accès, de modification, de rectification et de suppression des données qui vous concernent (art. 34 de la loi « Informatique et Liberté » du 6 Janvier 1978) ». Pour exercer ce droit, <a href="https://reparenjalles.saintmedardasso.fr/?page_id=25"><strong>contactez nous</strong></a>.</p>
<h3>Crédits photos</h3>
<p style="text-align: justify;">Certaines images captées en public, sont diffusées sur notre site, dans le respect de la législation française sur le Droit à l’Image. Chaque personne photographiée par nos photographes, reste propriétaire de son image et peut donc s’opposer à sa diffusion sur notre site. Pour exercer ce droit, <a href="https://reparenjalles.saintmedardasso.fr/?page_id=25"><strong>contactez nous</strong></a>.</p>
<h3>Liens hypertexte vers d’autres sites</h3>
<p style="text-align: justify;">Les liens hypertextes mis en place dans le cadre du présent site web en direction d’autres ressources présentes sur le réseau internet et, notamment, vers des partenaires, sont clairement identifiés.</p>
<p style="text-align: justify;"><strong>Repar&rsquo;en Jalles</strong> s’engage à faire cesser les liens hypertextes à la première demande des personnes physiques ou morales à qui appartiennent ces sites. Pour exercer ce droit, <a href="https://reparenjalles.saintmedardasso.fr/?page_id=25"><strong>contactez nous</strong></a>.</p>
<p style="text-align: justify;">Les liens hypertextes en direction d’autres ressources présentes sur le réseau Internet ne sauraient engager la responsabilité de <strong>Repar&rsquo;en Jalles</strong>.</p>
<h3>Liens hypertexte vers notre site</h3>
<p style="text-align: justify;"><strong>Repar&rsquo;en Jalles</strong> autorise la mise en place d’un lien hypertexte pointant vers le contenu, de son site sous réserve de :</p>
<ul>
<li style="text-align: justify;">Ne pas utiliser la technique du lien profond (« deep linking »), c’est-à-dire que les pages de notre site <a href="https://reparenjalles.saintmedardasso.fr/"><strong>https://reparenjalles.saintmedardasso.fr/</strong></a> ne doivent pas être imbriquées à l’intérieur des pages d’un autre site, mais accessibles par l’ouverture d’une fenêtre.</li>
<li style="text-align: justify;">Mentionner la source qui pointera grâce à un lien hypertexte directement sur le contenu visé.</li>
<li style="text-align: justify;">Les informations utilisées ne doivent l’être qu’à des fins personnelles, associatives ou professionnelles ; toute utilisation à des fins commerciales ou publicitaires est exclue.</li>
<li style="text-align: justify;">Attention ! Cette autorisation ne s’applique pas aux sites internet diffusant des informations à caractère polémique, pornographique, xénophobe ou pouvant, dans une plus large mesure porter atteinte à la sensibilité du plus grand nombre.</li>
</ul>

<p>Références de l’association Association loi 1901 déclarée en Préfecture de Gironde le 26 juillet 2013 sous le numéro RNA W332015787. Pour toute question sur l&rsquo;association vous pouvez nous contacter Le site Web de Repar&rsquo;en Jalles https://reparenjalles.saintmedardasso.fr/ Webmestre Patrice BOSSUET  07 67 00 09 56 Hébergement Notre site WEB est hébergé par 1&amp;1 Internet SARL 7, &hellip; <a href="https://reparenjalles.saintmedardasso.fr/?page_id=1215" class="more-link">Continuer la lecture de <span class="screen-reader-text">Mentions légales</span>  <span class="meta-nav">&rarr;</span></a></p>
